{"id":488,"date":"2017-07-17T11:42:44","date_gmt":"2017-07-17T11:42:44","guid":{"rendered":"https:\/\/www.pestanagroup.com\/?page_id=488"},"modified":"2023-01-11T13:00:12","modified_gmt":"2023-01-11T13:00:12","slug":"pestana-cr7","status":"publish","type":"page","link":"https:\/\/www.pestanagroup.com\/pt-pt\/pestana-cr7\/","title":{"rendered":"Pestana CR7"},"content":{"rendered":"<div class=\"imagensLaterais\">\n<p class=\"western\"><img loading=\"lazy\" decoding=\"async\" width=\"800\" height=\"573\" class=\"alignnone size-medium wp-image-402\" src=\"\/wp-content\/uploads\/2017\/07\/Logo-Pestana-CR7-PosCAss-01-800x573.png\" alt=\"\" \/><\/p>\n<\/div>\n<p><strong>Pestana CR7<\/strong> &#8211; Pestana CR7 Lifestyle Hotels \u00e9 a marca que resultou de um acordo entre Dion\u00edsio Pestana (Presidente &amp; Propriet\u00e1rio) e Cristiano Ronaldo, o melhor jogador de futebol do mundo em Dezembro de 2015.O objetivo desta nova marca \u00e9 posicionar os hot\u00e9is como \u201ctrendsetters\u201d em cada local. A marca desenvolve conceitos de hot\u00e9is tem\u00e1ticos que exploram op\u00e7\u00f5es de design conceitual em torno de id\u00e9ias inspiradoras como &#8220;paix\u00e3o pela vit\u00f3ria&#8221;, &#8220;obsess\u00e3o pela competitividade&#8221;, &#8220;trabalho em equipa\u201d e \u201cfair play&#8221; de uma forma que excede o universo desportivo e pode se aplicar ao ambiente empresarial e social realidade.<\/p>\n","protected":false},"excerpt":{"rendered":"Pestana CR7 &#8211; Pestana CR7 Lifestyle Hotels \u00e9 a marca que resultou de um acordo entre Dion\u00edsio Pestana (Presidente &amp; Propriet\u00e1rio) e Cristiano Ronaldo, o melhor jogador de futebol do mundo em Dezembro de 2015.O objetivo desta nova marca \u00e9 posicionar os hot\u00e9is como \u201ctrendsetters\u201d em cada local. A marca desenvolve conceitos de hot\u00e9is tem\u00e1ticos&#8230; <a class=\"view-article\" href=\"https:\/\/www.pestanagroup.com\/pt-pt\/pestana-cr7\/\">Ver artigo<\/a>","protected":false},"author":33,"featured_media":489,"parent":0,"menu_order":0,"comment_status":"closed","ping_status":"closed","template":"","meta":{"footnotes":""},"class_list":["post-488","page","type-page","status-publish","has-post-thumbnail","hentry"],"yoast_head":"<!-- This site is optimized with the Yoast SEO plugin v25.4 - https:\/\/yoast.com\/wordpress\/plugins\/seo\/ -->\n<title>Pestana CR7 - Grupo Pestana<\/title>\n<meta name=\"robots\" content=\"index, follow, max-snippet:-1, max-image-preview:large, max-video-preview:-1\" \/>\n<link rel=\"canonical\" href=\"https:\/\/www.pestanagroup.com\/pt-pt\/pestana-cr7\/\" \/>\n<meta property=\"og:locale\" content=\"pt_PT\" \/>\n<meta property=\"og:type\" content=\"article\" \/>\n<meta property=\"og:title\" content=\"Pestana CR7 - Grupo Pestana\" \/>\n<meta property=\"og:description\" content=\"Pestana CR7 &#8211; Pestana CR7 Lifestyle Hotels \u00e9 a marca que resultou de um acordo entre Dion\u00edsio Pestana (Presidente &amp; Propriet\u00e1rio) e Cristiano Ronaldo, o melhor jogador de futebol do mundo em Dezembro de 2015.O objetivo desta nova marca \u00e9 posicionar os hot\u00e9is como \u201ctrendsetters\u201d em cada local. A marca desenvolve conceitos de hot\u00e9is tem\u00e1ticos... Ver artigo\" \/>\n<meta property=\"og:url\" content=\"https:\/\/www.pestanagroup.com\/pt-pt\/pestana-cr7\/\" \/>\n<meta property=\"og:site_name\" content=\"Grupo Pestana\" \/>\n<meta property=\"article:modified_time\" content=\"2023-01-11T13:00:12+00:00\" \/>\n<meta property=\"og:image\" content=\"https:\/\/www.pestanagroup.com\/wp-content\/uploads\/2017\/07\/Marcas-CR7-1-1175x641.jpg\" \/>\n\t<meta property=\"og:image:width\" content=\"1175\" \/>\n\t<meta property=\"og:image:height\" content=\"641\" \/>\n\t<meta property=\"og:image:type\" content=\"image\/jpeg\" \/>\n<meta name=\"twitter:card\" content=\"summary_large_image\" \/>\n<meta name=\"twitter:label1\" content=\"Tempo estimado de leitura\" \/>\n\t<meta name=\"twitter:data1\" content=\"1 minuto\" \/>\n<script type=\"application\/ld+json\" class=\"yoast-schema-graph\">{\"@context\":\"https:\/\/schema.org\",\"@graph\":[{\"@type\":\"WebPage\",\"@id\":\"https:\/\/www.pestanagroup.com\/pt-pt\/pestana-cr7\/\",\"url\":\"https:\/\/www.pestanagroup.com\/pt-pt\/pestana-cr7\/\",\"name\":\"Pestana CR7 - Grupo Pestana\",\"isPartOf\":{\"@id\":\"https:\/\/www.pestanagroup.com\/pt-pt\/#website\"},\"primaryImageOfPage\":{\"@id\":\"https:\/\/www.pestanagroup.com\/pt-pt\/pestana-cr7\/#primaryimage\"},\"image\":{\"@id\":\"https:\/\/www.pestanagroup.com\/pt-pt\/pestana-cr7\/#primaryimage\"},\"thumbnailUrl\":\"https:\/\/www.pestanagroup.com\/wp-content\/uploads\/2017\/07\/Marcas-CR7-1.jpg\",\"datePublished\":\"2017-07-17T11:42:44+00:00\",\"dateModified\":\"2023-01-11T13:00:12+00:00\",\"inLanguage\":\"pt-PT\",\"potentialAction\":[{\"@type\":\"ReadAction\",\"target\":[\"https:\/\/www.pestanagroup.com\/pt-pt\/pestana-cr7\/\"]}]},{\"@type\":\"ImageObject\",\"inLanguage\":\"pt-PT\",\"@id\":\"https:\/\/www.pestanagroup.com\/pt-pt\/pestana-cr7\/#primaryimage\",\"url\":\"https:\/\/www.pestanagroup.com\/wp-content\/uploads\/2017\/07\/Marcas-CR7-1.jpg\",\"contentUrl\":\"https:\/\/www.pestanagroup.com\/wp-content\/uploads\/2017\/07\/Marcas-CR7-1.jpg\",\"width\":5000,\"height\":2729},{\"@type\":\"WebSite\",\"@id\":\"https:\/\/www.pestanagroup.com\/pt-pt\/#website\",\"url\":\"https:\/\/www.pestanagroup.com\/pt-pt\/\",\"name\":\"Grupo Pestana\",\"description\":\"The Time of Your Life\",\"potentialAction\":[{\"@type\":\"SearchAction\",\"target\":{\"@type\":\"EntryPoint\",\"urlTemplate\":\"https:\/\/www.pestanagroup.com\/pt-pt\/?s={search_term_string}\"},\"query-input\":{\"@type\":\"PropertyValueSpecification\",\"valueRequired\":true,\"valueName\":\"search_term_string\"}}],\"inLanguage\":\"pt-PT\"}]}<\/script>\n<!-- \/ Yoast SEO plugin. -->","yoast_head_json":{"title":"Pestana CR7 - Grupo Pestana","robots":{"index":"index","follow":"follow","max-snippet":"max-snippet:-1","max-image-preview":"max-image-preview:large","max-video-preview":"max-video-preview:-1"},"canonical":"https:\/\/www.pestanagroup.com\/pt-pt\/pestana-cr7\/","og_locale":"pt_PT","og_type":"article","og_title":"Pestana CR7 - Grupo Pestana","og_description":"Pestana CR7 &#8211; Pestana CR7 Lifestyle Hotels \u00e9 a marca que resultou de um acordo entre Dion\u00edsio Pestana (Presidente &amp; Propriet\u00e1rio) e Cristiano Ronaldo, o melhor jogador de futebol do mundo em Dezembro de 2015.O objetivo desta nova marca \u00e9 posicionar os hot\u00e9is como \u201ctrendsetters\u201d em cada local. A marca desenvolve conceitos de hot\u00e9is tem\u00e1ticos... Ver artigo","og_url":"https:\/\/www.pestanagroup.com\/pt-pt\/pestana-cr7\/","og_site_name":"Grupo Pestana","article_modified_time":"2023-01-11T13:00:12+00:00","og_image":[{"width":1175,"height":641,"url":"https:\/\/www.pestanagroup.com\/wp-content\/uploads\/2017\/07\/Marcas-CR7-1-1175x641.jpg","type":"image\/jpeg"}],"twitter_card":"summary_large_image","twitter_misc":{"Tempo estimado de leitura":"1 minuto"},"schema":{"@context":"https:\/\/schema.org","@graph":[{"@type":"WebPage","@id":"https:\/\/www.pestanagroup.com\/pt-pt\/pestana-cr7\/","url":"https:\/\/www.pestanagroup.com\/pt-pt\/pestana-cr7\/","name":"Pestana CR7 - Grupo Pestana","isPartOf":{"@id":"https:\/\/www.pestanagroup.com\/pt-pt\/#website"},"primaryImageOfPage":{"@id":"https:\/\/www.pestanagroup.com\/pt-pt\/pestana-cr7\/#primaryimage"},"image":{"@id":"https:\/\/www.pestanagroup.com\/pt-pt\/pestana-cr7\/#primaryimage"},"thumbnailUrl":"https:\/\/www.pestanagroup.com\/wp-content\/uploads\/2017\/07\/Marcas-CR7-1.jpg","datePublished":"2017-07-17T11:42:44+00:00","dateModified":"2023-01-11T13:00:12+00:00","inLanguage":"pt-PT","potentialAction":[{"@type":"ReadAction","target":["https:\/\/www.pestanagroup.com\/pt-pt\/pestana-cr7\/"]}]},{"@type":"ImageObject","inLanguage":"pt-PT","@id":"https:\/\/www.pestanagroup.com\/pt-pt\/pestana-cr7\/#primaryimage","url":"https:\/\/www.pestanagroup.com\/wp-content\/uploads\/2017\/07\/Marcas-CR7-1.jpg","contentUrl":"https:\/\/www.pestanagroup.com\/wp-content\/uploads\/2017\/07\/Marcas-CR7-1.jpg","width":5000,"height":2729},{"@type":"WebSite","@id":"https:\/\/www.pestanagroup.com\/pt-pt\/#website","url":"https:\/\/www.pestanagroup.com\/pt-pt\/","name":"Grupo Pestana","description":"The Time of Your Life","potentialAction":[{"@type":"SearchAction","target":{"@type":"EntryPoint","urlTemplate":"https:\/\/www.pestanagroup.com\/pt-pt\/?s={search_term_string}"},"query-input":{"@type":"PropertyValueSpecification","valueRequired":true,"valueName":"search_term_string"}}],"inLanguage":"pt-PT"}]}},"publishpress_future_workflow_manual_trigger":{"enabledWorkflows":[]},"_links":{"self":[{"href":"https:\/\/www.pestanagroup.com\/pt-pt\/wp-json\/wp\/v2\/pages\/488","targetHints":{"allow":["GET"]}}],"collection":[{"href":"https:\/\/www.pestanagroup.com\/pt-pt\/wp-json\/wp\/v2\/pages"}],"about":[{"href":"https:\/\/www.pestanagroup.com\/pt-pt\/wp-json\/wp\/v2\/types\/page"}],"author":[{"embeddable":true,"href":"https:\/\/www.pestanagroup.com\/pt-pt\/wp-json\/wp\/v2\/users\/33"}],"replies":[{"embeddable":true,"href":"https:\/\/www.pestanagroup.com\/pt-pt\/wp-json\/wp\/v2\/comments?post=488"}],"version-history":[{"count":3,"href":"https:\/\/www.pestanagroup.com\/pt-pt\/wp-json\/wp\/v2\/pages\/488\/revisions"}],"predecessor-version":[{"id":4898,"href":"https:\/\/www.pestanagroup.com\/pt-pt\/wp-json\/wp\/v2\/pages\/488\/revisions\/4898"}],"wp:featuredmedia":[{"embeddable":true,"href":"https:\/\/www.pestanagroup.com\/pt-pt\/wp-json\/wp\/v2\/media\/489"}],"wp:attachment":[{"href":"https:\/\/www.pestanagroup.com\/pt-pt\/wp-json\/wp\/v2\/media?parent=488"}],"curies":[{"name":"wp","href":"https:\/\/api.w.org\/{rel}","templated":true}]}}

<div class="imagensLaterais">
<p class="western"><img loading="lazy" decoding="async" width="800" height="573" class="alignnone size-medium wp-image-402" src="/wp-content/uploads/2017/07/Logo-Pestana-CR7-PosCAss-01-800x573.png" alt="" /></p>
</div>
<p><strong>Pestana CR7</strong> &#8211; Pestana CR7 Lifestyle Hotels é a marca que resultou de um acordo entre Dionísio Pestana (Presidente &amp; Proprietário) e Cristiano Ronaldo, o melhor jogador de futebol do mundo em Dezembro de 2015.O objetivo desta nova marca é posicionar os hotéis como “trendsetters” em cada local. A marca desenvolve conceitos de hotéis temáticos que exploram opções de design conceitual em torno de idéias inspiradoras como &#8220;paixão pela vitória&#8221;, &#8220;obsessão pela competitividade&#8221;, &#8220;trabalho em equipa” e “fair play&#8221; de uma forma que excede o universo desportivo e pode se aplicar ao ambiente empresarial e social realidade.</p>

Pestana CR7 &#8211; Pestana CR7 Lifestyle Hotels é a marca que resultou de um acordo entre Dionísio Pestana (Presidente &amp; Proprietário) e Cristiano Ronaldo, o melhor jogador de futebol do mundo em Dezembro de 2015.O objetivo desta nova marca é posicionar os hotéis como “trendsetters” em cada local. A marca desenvolve conceitos de hotéis temáticos&#8230; <a class="view-article" href="https://www.pestanagroup.com/pt-pt/pestana-cr7/">Ver artigo</a>

<!-- This site is optimized with the Yoast SEO plugin v25.4 - https://yoast.com/wordpress/plugins/seo/ -->
<title>Pestana CR7 - Grupo Pestana</title>
<meta name="robots" content="index, follow, max-snippet:-1, max-image-preview:large, max-video-preview:-1" />
<link rel="canonical" href="https://www.pestanagroup.com/pt-pt/pestana-cr7/" />
<meta property="og:locale" content="pt_PT" />
<meta property="og:type" content="article" />
<meta property="og:title" content="Pestana CR7 - Grupo Pestana" />
<meta property="og:description" content="Pestana CR7 &#8211; Pestana CR7 Lifestyle Hotels é a marca que resultou de um acordo entre Dionísio Pestana (Presidente &amp; Proprietário) e Cristiano Ronaldo, o melhor jogador de futebol do mundo em Dezembro de 2015.O objetivo desta nova marca é posicionar os hotéis como “trendsetters” em cada local. A marca desenvolve conceitos de hotéis temáticos... Ver artigo" />
<meta property="og:url" content="https://www.pestanagroup.com/pt-pt/pestana-cr7/" />
<meta property="og:site_name" content="Grupo Pestana" />
<meta property="article:modified_time" content="2023-01-11T13:00:12+00:00" />
<meta property="og:image" content="https://www.pestanagroup.com/wp-content/uploads/2017/07/Marcas-CR7-1-1175x641.jpg" />
	<meta property="og:image:width" content="1175" />
	<meta property="og:image:height" content="641" />
	<meta property="og:image:type" content="image/jpeg" />
<meta name="twitter:card" content="summary_large_image" />
<meta name="twitter:label1" content="Tempo estimado de leitura" />
	<meta name="twitter:data1" content="1 minuto" />
<script type="application/ld+json" class="yoast-schema-graph">{"@context":"https://schema.org","@graph":[{"@type":"WebPage","@id":"https://www.pestanagroup.com/pt-pt/pestana-cr7/","url":"https://www.pestanagroup.com/pt-pt/pestana-cr7/","name":"Pestana CR7 - Grupo Pestana","isPartOf":{"@id":"https://www.pestanagroup.com/pt-pt/#website"},"primaryImageOfPage":{"@id":"https://www.pestanagroup.com/pt-pt/pestana-cr7/#primaryimage"},"image":{"@id":"https://www.pestanagroup.com/pt-pt/pestana-cr7/#primaryimage"},"thumbnailUrl":"https://www.pestanagroup.com/wp-content/uploads/2017/07/Marcas-CR7-1.jpg","datePublished":"2017-07-17T11:42:44+00:00","dateModified":"2023-01-11T13:00:12+00:00","inLanguage":"pt-PT","potentialAction":[{"@type":"ReadAction","target":["https://www.pestanagroup.com/pt-pt/pestana-cr7/"]}]},{"@type":"ImageObject","inLanguage":"pt-PT","@id":"https://www.pestanagroup.com/pt-pt/pestana-cr7/#primaryimage","url":"https://www.pestanagroup.com/wp-content/uploads/2017/07/Marcas-CR7-1.jpg","contentUrl":"https://www.pestanagroup.com/wp-content/uploads/2017/07/Marcas-CR7-1.jpg","width":5000,"height":2729},{"@type":"WebSite","@id":"https://www.pestanagroup.com/pt-pt/#website","url":"https://www.pestanagroup.com/pt-pt/","name":"Grupo Pestana","description":"The Time of Your Life","potentialAction":[{"@type":"SearchAction","target":{"@type":"EntryPoint","urlTemplate":"https://www.pestanagroup.com/pt-pt/?s={search_term_string}"},"query-input":{"@type":"PropertyValueSpecification","valueRequired":true,"valueName":"search_term_string"}}],"inLanguage":"pt-PT"}]}</script>
<!-- / Yoast SEO plugin. -->

Pestana CR7 &#8211; Pestana CR7 Lifestyle Hotels é a marca que resultou de um acordo entre Dionísio Pestana (Presidente &amp; Proprietário) e Cristiano Ronaldo, o melhor jogador de futebol do mundo em Dezembro de 2015.O objetivo desta nova marca é posicionar os hotéis como “trendsetters” em cada local. A marca desenvolve conceitos de hotéis temáticos... Ver artigo
